{"id":97,"date":"2024-02-01T12:34:32","date_gmt":"2024-02-01T09:34:32","guid":{"rendered":"https:\/\/baunwindsafe.balikesir.edu.tr\/?page_id=97"},"modified":"2024-03-03T20:49:59","modified_gmt":"2024-03-03T17:49:59","slug":"ekibimiz","status":"publish","type":"page","link":"https:\/\/baunwindsafe.balikesir.edu.tr\/index.php\/ekibimiz\/","title":{"rendered":"Ekibimiz"},"content":{"rendered":"\n<div class=\"wp-block-group alignfull has-global-padding is-layout-constrained wp-block-group-is-layout-constrained\" style=\"margin-top:0;margin-bottom:0;padding-top:var(--wp--preset--spacing--50);padding-right:var(--wp--preset--spacing--50);padding-bottom:var(--wp--preset--spacing--50);padding-left:var(--wp--preset--spacing--50)\">\n<div class=\"wp-block-group is-vertical is-content-justification-center is-layout-flex wp-container-core-group-layout-1 wp-block-group-is-layout-flex\">\n<h2 class=\"wp-block-heading has-text-align-center has-xx-large-font-size\">Ekibimizle tan\u0131\u015f\u0131n<\/h2>\n\n\n\n<p class=\"has-text-align-center\">Kapsaml\u0131 profesyonel ekibimiz, deneyimli \u00f6\u011fretim \u00fcyelerimiz, uzman ve sorumlular.<\/p>\n<\/div>\n\n\n\n<div style=\"height:40px\" aria-hidden=\"true\" class=\"wp-block-spacer\"><\/div>\n\n\n\n<div class=\"wp-block-columns alignwide is-layout-flex wp-container-core-columns-layout-1 wp-block-columns-is-layout-flex\" style=\"padding-right:0;padding-left:0\">\n<div class=\"wp-block-column is-layout-flow wp-block-column-is-layout-flow\">\n<figure class=\"wp-block-image aligncenter size-thumbnail is-style-rounded\"><img loading=\"lazy\" decoding=\"async\" width=\"150\" height=\"150\" src=\"https:\/\/baunwindsafe.balikesir.edu.tr\/wp-content\/uploads\/2024\/02\/Hakan-Onal-1-150x150.jpg\" alt=\"\" class=\"wp-image-99\" srcset=\"https:\/\/baunwindsafe.balikesir.edu.tr\/wp-content\/uploads\/2024\/02\/Hakan-Onal-1-150x150.jpg 150w, https:\/\/baunwindsafe.balikesir.edu.tr\/wp-content\/uploads\/2024\/02\/Hakan-Onal-1.jpg 267w\" sizes=\"(max-width: 150px) 100vw, 150px\" \/><\/figure>\n\n\n\n<div class=\"wp-block-group is-vertical is-content-justification-center is-nowrap is-layout-flex wp-container-core-group-layout-2 wp-block-group-is-layout-flex\">\n<p class=\"has-text-align-center has-small-font-size\"><strong>Hakan \u00d6NAL<\/strong> <\/p>\n\n\n\n<p class=\"has-text-align-center has-small-font-size\">Akreditasyon M\u00fcd\u00fcr\u00fc<\/p>\n<\/div>\n<\/div>\n\n\n\n<div class=\"wp-block-column is-layout-flow wp-block-column-is-layout-flow\">\n<figure class=\"wp-block-image aligncenter size-thumbnail is-style-rounded\"><img loading=\"lazy\" decoding=\"async\" width=\"150\" height=\"150\" src=\"https:\/\/baunwindsafe.balikesir.edu.tr\/wp-content\/uploads\/2024\/02\/Ayse-Ozdogan-150x150.jpg\" alt=\"\" class=\"wp-image-100\" srcset=\"https:\/\/baunwindsafe.balikesir.edu.tr\/wp-content\/uploads\/2024\/02\/Ayse-Ozdogan-150x150.jpg 150w, https:\/\/baunwindsafe.balikesir.edu.tr\/wp-content\/uploads\/2024\/02\/Ayse-Ozdogan-300x300.jpg 300w, https:\/\/baunwindsafe.balikesir.edu.tr\/wp-content\/uploads\/2024\/02\/Ayse-Ozdogan.jpg 512w\" sizes=\"(max-width: 150px) 100vw, 150px\" \/><\/figure>\n\n\n\n<div class=\"wp-block-group is-vertical is-content-justification-center is-nowrap is-layout-flex wp-container-core-group-layout-3 wp-block-group-is-layout-flex\">\n<p class=\"has-text-align-center has-small-font-size\"> <strong>Ay\u015fe \u00d6zdo\u011fan D\u00d6L\u00c7EK<\/strong> <\/p>\n\n\n\n<p class=\"has-text-align-center has-small-font-size\">Akreditasyon M\u00fcd\u00fcr Yard\u0131mc\u0131s\u0131<br>Y\u00f6netim Sistemi \u0130\u00e7 Tetkik Uzman\u0131<\/p>\n<\/div>\n<\/div>\n\n\n\n<div class=\"wp-block-column is-layout-flow wp-block-column-is-layout-flow\">\n<figure class=\"wp-block-image aligncenter size-full is-resized is-style-rounded\"><img loading=\"lazy\" decoding=\"async\" width=\"225\" height=\"225\" src=\"https:\/\/baunwindsafe.balikesir.edu.tr\/wp-content\/uploads\/2024\/02\/indir-1.png\" alt=\"\" class=\"wp-image-103\" style=\"object-fit:cover;width:149px;height:auto\" srcset=\"https:\/\/baunwindsafe.balikesir.edu.tr\/wp-content\/uploads\/2024\/02\/indir-1.png 225w, https:\/\/baunwindsafe.balikesir.edu.tr\/wp-content\/uploads\/2024\/02\/indir-1-150x150.png 150w\" sizes=\"(max-width: 225px) 100vw, 225px\" \/><\/figure>\n\n\n\n<div class=\"wp-block-group is-vertical is-content-justification-center is-nowrap is-layout-flex wp-container-core-group-layout-4 wp-block-group-is-layout-flex\">\n<p class=\"has-text-align-center has-small-font-size\"><strong>\u00dcnal Aldemir<\/strong><\/p>\n\n\n\n<p class=\"has-text-align-center has-small-font-size\">Planlama ve Sat\u0131\u015f Uzman\u0131<\/p>\n<\/div>\n<\/div>\n<\/div>\n\n\n\n<div class=\"wp-block-columns alignwide is-layout-flex wp-container-core-columns-layout-2 wp-block-columns-is-layout-flex\" style=\"padding-right:0;padding-left:0\">\n<div class=\"wp-block-column is-layout-flow wp-block-column-is-layout-flow\">\n<figure class=\"wp-block-image aligncenter size-thumbnail is-style-rounded\"><img loading=\"lazy\" decoding=\"async\" width=\"150\" height=\"150\" src=\"https:\/\/baunwindsafe.balikesir.edu.tr\/wp-content\/uploads\/2024\/02\/keremves300-150x150.jpg\" alt=\"\" class=\"wp-image-86\" srcset=\"https:\/\/baunwindsafe.balikesir.edu.tr\/wp-content\/uploads\/2024\/02\/keremves300-150x150.jpg 150w, https:\/\/baunwindsafe.balikesir.edu.tr\/wp-content\/uploads\/2024\/02\/keremves300.jpg 300w\" sizes=\"(max-width: 150px) 100vw, 150px\" \/><\/figure>\n\n\n\n<div class=\"wp-block-group has-global-padding is-layout-constrained wp-container-core-group-layout-5 wp-block-group-is-layout-constrained\">\n<p class=\"has-text-align-center has-small-font-size\"> <strong>Tayfur Kerem DEM\u0130RC\u0130O\u011eLU<\/strong> <\/p>\n\n\n\n<p class=\"has-text-align-center has-small-font-size\">BST E\u011fitmeni\/E\u011fitim \u015eefi<br>Makine M\u00fchendisli\u011fi B\u00f6l\u00fcm\u00fc<\/p>\n<\/div>\n<\/div>\n\n\n\n<div class=\"wp-block-column is-layout-flow wp-block-column-is-layout-flow\">\n<figure class=\"wp-block-image aligncenter size-full is-resized is-style-rounded\"><img loading=\"lazy\" decoding=\"async\" width=\"1500\" height=\"1500\" src=\"https:\/\/baunwindsafe.balikesir.edu.tr\/wp-content\/uploads\/2024\/03\/Erman_Koybasi.jpeg\" alt=\"\" class=\"wp-image-180\" style=\"width:152px;height:auto\" srcset=\"https:\/\/baunwindsafe.balikesir.edu.tr\/wp-content\/uploads\/2024\/03\/Erman_Koybasi.jpeg 1500w, https:\/\/baunwindsafe.balikesir.edu.tr\/wp-content\/uploads\/2024\/03\/Erman_Koybasi-300x300.jpeg 300w, https:\/\/baunwindsafe.balikesir.edu.tr\/wp-content\/uploads\/2024\/03\/Erman_Koybasi-1024x1024.jpeg 1024w, https:\/\/baunwindsafe.balikesir.edu.tr\/wp-content\/uploads\/2024\/03\/Erman_Koybasi-150x150.jpeg 150w, https:\/\/baunwindsafe.balikesir.edu.tr\/wp-content\/uploads\/2024\/03\/Erman_Koybasi-768x768.jpeg 768w\" sizes=\"(max-width: 1500px) 100vw, 1500px\" \/><\/figure>\n\n\n\n<div class=\"wp-block-group is-vertical is-content-justification-center is-nowrap is-layout-flex wp-container-core-group-layout-6 wp-block-group-is-layout-flex\">\n<p class=\"has-text-align-center has-small-font-size\"> <strong>Erman K\u00d6YBA\u015eI<\/strong> <\/p>\n\n\n\n<p class=\"has-text-align-center has-small-font-size\">BST E\u011fitmeni<br>Elektrik-Elektronik M\u00fchendisli\u011fi B\u00f6l\u00fcm\u00fc<\/p>\n<\/div>\n<\/div>\n\n\n\n<div class=\"wp-block-column is-layout-flow wp-block-column-is-layout-flow\">\n<figure class=\"wp-block-image aligncenter size-thumbnail is-style-rounded\"><img loading=\"lazy\" decoding=\"async\" width=\"150\" height=\"150\" src=\"https:\/\/baunwindsafe.balikesir.edu.tr\/wp-content\/uploads\/2024\/02\/Erdal-Gumus-150x150.jpg\" alt=\"\" class=\"wp-image-87\" srcset=\"https:\/\/baunwindsafe.balikesir.edu.tr\/wp-content\/uploads\/2024\/02\/Erdal-Gumus-150x150.jpg 150w, https:\/\/baunwindsafe.balikesir.edu.tr\/wp-content\/uploads\/2024\/02\/Erdal-Gumus-300x300.jpg 300w, https:\/\/baunwindsafe.balikesir.edu.tr\/wp-content\/uploads\/2024\/02\/Erdal-Gumus.jpg 512w\" sizes=\"(max-width: 150px) 100vw, 150px\" \/><\/figure>\n\n\n\n<div class=\"wp-block-group is-vertical is-content-justification-center is-nowrap is-layout-flex wp-container-core-group-layout-7 wp-block-group-is-layout-flex\">\n<p class=\"has-text-align-center has-small-font-size\"> <strong>Erdal G\u00dcM\u00dc\u015e<\/strong> <\/p>\n\n\n\n<p class=\"has-text-align-center has-small-font-size\">BST E\u011fitmeni<br>Co\u011frafya B\u00f6l\u00fcm\u00fc<\/p>\n<\/div>\n<\/div>\n\n\n\n<div class=\"wp-block-column is-layout-flow wp-block-column-is-layout-flow\">\n<figure class=\"wp-block-image aligncenter size-thumbnail is-style-rounded\"><img loading=\"lazy\" decoding=\"async\" width=\"150\" height=\"150\" src=\"https:\/\/baunwindsafe.balikesir.edu.tr\/wp-content\/uploads\/2024\/02\/Celalettin-Hoca-1-150x150.jpeg\" alt=\"\" class=\"wp-image-90\"\/><\/figure>\n\n\n\n<div class=\"wp-block-group is-vertical is-content-justification-center is-nowrap is-layout-flex wp-container-core-group-layout-8 wp-block-group-is-layout-flex\">\n<p class=\"has-text-align-center has-small-font-size\"> <strong>Celalettin \u00c7EV\u0130K<\/strong> <\/p>\n\n\n\n<p class=\"has-text-align-center has-small-font-size\">BST E\u011fitmeni \/ \u0130SG Uzman\u0131 \/ \u0130\u015fyeri Hekimi<br>Halk Sa\u011fl\u0131\u011f\u0131 B\u00f6l\u00fcm\u00fc<\/p>\n<\/div>\n<\/div>\n<\/div>\n\n\n\n<div class=\"wp-block-columns alignwide is-layout-flex wp-container-core-columns-layout-3 wp-block-columns-is-layout-flex\" style=\"padding-right:0;padding-left:0\">\n<div class=\"wp-block-column is-layout-flow wp-block-column-is-layout-flow\">\n<figure class=\"wp-block-image aligncenter size-thumbnail is-style-rounded\"><img loading=\"lazy\" decoding=\"async\" width=\"150\" height=\"150\" src=\"https:\/\/baunwindsafe.balikesir.edu.tr\/wp-content\/uploads\/2024\/02\/1683664901492-150x150.jpeg\" alt=\"\" class=\"wp-image-105\" srcset=\"https:\/\/baunwindsafe.balikesir.edu.tr\/wp-content\/uploads\/2024\/02\/1683664901492-150x150.jpeg 150w, https:\/\/baunwindsafe.balikesir.edu.tr\/wp-content\/uploads\/2024\/02\/1683664901492-300x300.jpeg 300w, https:\/\/baunwindsafe.balikesir.edu.tr\/wp-content\/uploads\/2024\/02\/1683664901492.jpeg 606w\" sizes=\"(max-width: 150px) 100vw, 150px\" \/><\/figure>\n\n\n\n<div class=\"wp-block-group is-vertical is-content-justification-center is-nowrap is-layout-flex wp-container-core-group-layout-9 wp-block-group-is-layout-flex\">\n<p class=\"has-text-align-center has-small-font-size\"><strong>Metin G\u00dcL<\/strong><\/p>\n\n\n\n<p class=\"has-text-align-center has-small-font-size\">Ar\u015fiv, Dok\u00fcmantasyon Sorumlusu<\/p>\n<\/div>\n<\/div>\n<\/div>\n<\/div>\n","protected":false},"excerpt":{"rendered":"<p>Ekibimizle tan\u0131\u015f\u0131n Kapsaml\u0131 profesyonel ekibimiz, deneyimli \u00f6\u011fretim \u00fcyelerimiz, uzman ve sorumlular. Hakan \u00d6NAL Akreditasyon M\u00fcd\u00fcr\u00fc Ay\u015fe \u00d6zdo\u011fan D\u00d6L\u00c7EK Akreditasyon M\u00fcd\u00fcr Yard\u0131mc\u0131s\u0131Y\u00f6netim Sistemi \u0130\u00e7 Tetkik Uzman\u0131 \u00dcnal Aldemir Planlama ve Sat\u0131\u015f Uzman\u0131 Tayfur Kerem DEM\u0130RC\u0130O\u011eLU BST E\u011fitmeni\/E\u011fitim \u015eefiMakine M\u00fchendisli\u011fi B\u00f6l\u00fcm\u00fc Erman K\u00d6YBA\u015eI BST E\u011fitmeniElektrik-Elektronik M\u00fchendisli\u011fi B\u00f6l\u00fcm\u00fc Erdal G\u00dcM\u00dc\u015e BST E\u011fitmeniCo\u011frafya B\u00f6l\u00fcm\u00fc Celalettin \u00c7EV\u0130K BST E\u011fitmeni \/ [&hellip;]<\/p>\n","protected":false},"author":1,"featured_media":0,"parent":0,"menu_order":0,"comment_status":"closed","ping_status":"closed","template":"","meta":{"footnotes":""},"_links":{"self":[{"href":"https:\/\/baunwindsafe.balikesir.edu.tr\/index.php\/wp-json\/wp\/v2\/pages\/97"}],"collection":[{"href":"https:\/\/baunwindsafe.balikesir.edu.tr\/index.php\/wp-json\/wp\/v2\/pages"}],"about":[{"href":"https:\/\/baunwindsafe.balikesir.edu.tr\/index.php\/wp-json\/wp\/v2\/types\/page"}],"author":[{"embeddable":true,"href":"https:\/\/baunwindsafe.balikesir.edu.tr\/index.php\/wp-json\/wp\/v2\/users\/1"}],"replies":[{"embeddable":true,"href":"https:\/\/baunwindsafe.balikesir.edu.tr\/index.php\/wp-json\/wp\/v2\/comments?post=97"}],"version-history":[{"count":7,"href":"https:\/\/baunwindsafe.balikesir.edu.tr\/index.php\/wp-json\/wp\/v2\/pages\/97\/revisions"}],"predecessor-version":[{"id":182,"href":"https:\/\/baunwindsafe.balikesir.edu.tr\/index.php\/wp-json\/wp\/v2\/pages\/97\/revisions\/182"}],"wp:attachment":[{"href":"https:\/\/baunwindsafe.balikesir.edu.tr\/index.php\/wp-json\/wp\/v2\/media?parent=97"}],"curies":[{"name":"wp","href":"https:\/\/api.w.org\/{rel}","templated":true}]}}