{"id":259,"date":"2024-03-16T02:25:09","date_gmt":"2024-03-15T23:25:09","guid":{"rendered":"https:\/\/baunwindsafe.balikesir.edu.tr\/?page_id=259"},"modified":"2024-03-16T02:25:09","modified_gmt":"2024-03-15T23:25:09","slug":"haberler","status":"publish","type":"page","link":"https:\/\/baunwindsafe.balikesir.edu.tr\/index.php\/haberler\/","title":{"rendered":"Haberler"},"content":{"rendered":"\t<div class=\"wpnawfree-plugin news-clearfix \" id=\"wpnw-news-1\">\r\n\r\n\t\t\r\n\t\t\t<div id=\"post-451\" class=\"news type-news wpnaw-blog-class has-date news-col-1 wpnaw-first\">\r\n\t\t\t\t<div class=\"news-inner-wrap-view news-clearfix wpnaw-news-no-image\">\r\n\r\n\t\t\t\t\t\r\n\t\t\t\t\t<div class=\"news-content\">\r\n\t\t\t\t\t\t\t\t\t\t\t\t\t<div class=\"date-post\">\r\n\t\t\t\t\t\t\t\t<h2><span>10<\/span><\/h2>\r\n\t\t\t\t\t\t\t\t<p>Ara 24<\/p>\r\n\t\t\t\t\t\t\t<\/div>\r\n\t\t\t\t\t\t\r\n\t\t\t\t\t\t<div class=\"post-content-text\">\r\n\t\t\t\t\t\t\t<h3 class=\"news-title\"><a href=\"https:\/\/baunwindsafe.balikesir.edu.tr\/index.php\/news\/baunden-ruzgar-enerjisinde-uluslararasi-egitim-hamlesi-baunsemde-ilk-uluslararasi-kursiyer\/\" rel=\"bookmark\">BA\u00dcN\u2019den R\u00fczgar Enerjisinde Uluslararas\u0131 E\u011fitim Hamlesi: BA\u00dcNSEM\u2019de, \u0130lk Uluslararas\u0131 Kursiyer<\/a><\/h3>\t\t\t\t\t\t\t\t<div class=\"news-cat\"><\/div>\r\n\t\t\t\t\t\t\t\t\t\t\t\t\t\t\t<div class=\"news-content-excerpt\">\r\n\t\t\t\t\t\t\t\t\t\t\t\t\t\t\t\t\t\t\t<div class=\"news-short-content\">\r\n\t\t\t\t\t\t\t\t\t\t\tBal\u0131kesir \u00dcniversitesi S\u00fcrekli E\u011fitim Uygulama ve Ara\u015ft\u0131rma Merkezi (BA\u00dcNSEM), r\u00fczgar t\u00fcrbinleri sekt\u00f6r\u00fcnde i\u015f g\u00fcvenli\u011fi e\u011fitimleriyle uluslararas\u0131 alanda ad\u0131ndan s\u00f6z ettiriyor&#8230;.\t\t\t\t\t\t\t\t\t\t<\/div>\r\n\t\t\t\t\t\t\t\t\t\t<a href=\"https:\/\/baunwindsafe.balikesir.edu.tr\/index.php\/news\/baunden-ruzgar-enerjisinde-uluslararasi-egitim-hamlesi-baunsemde-ilk-uluslararasi-kursiyer\/\" class=\"news-more-link\">Read More<\/a>\r\n\t\t\t\t\t\t\t\t\t\t\t\t\t\t\t\t\t<\/div><!-- .entry-content -->\r\n\t\t\t\t\t\t\t\t\t\t\t\t\t<\/div>\r\n\t\t\t\t\t<\/div>\r\n\t\t\t\t<\/div><!-- #post-## -->\r\n\t\t\t<\/div><!-- #post-## -->\r\n\t\t\r\n\t\t\t<div id=\"post-246\" class=\"news type-news wpnaw-blog-class has-date news-col-1\">\r\n\t\t\t\t<div class=\"news-inner-wrap-view news-clearfix wpnaw-news-no-image\">\r\n\r\n\t\t\t\t\t\r\n\t\t\t\t\t<div class=\"news-content\">\r\n\t\t\t\t\t\t\t\t\t\t\t\t\t<div class=\"date-post\">\r\n\t\t\t\t\t\t\t\t<h2><span>13<\/span><\/h2>\r\n\t\t\t\t\t\t\t\t<p>Mar 24<\/p>\r\n\t\t\t\t\t\t\t<\/div>\r\n\t\t\t\t\t\t\r\n\t\t\t\t\t\t<div class=\"post-content-text\">\r\n\t\t\t\t\t\t\t<h3 class=\"news-title\"><a href=\"https:\/\/baunwindsafe.balikesir.edu.tr\/index.php\/news\/baun-ve-iskur-balikesirin-ruzgar-gucune-guc-katiyor\/\" rel=\"bookmark\">BA\u00dcN ve \u0130\u015eKUR Bal\u0131kesir\u2019in R\u00fczg\u00e2r G\u00fcc\u00fcne G\u00fc\u00e7 Kat\u0131yor<\/a><\/h3>\t\t\t\t\t\t\t\t<div class=\"news-cat\"><\/div>\r\n\t\t\t\t\t\t\t\t\t\t\t\t\t\t\t<div class=\"news-content-excerpt\">\r\n\t\t\t\t\t\t\t\t\t\t\t\t\t\t\t\t\t\t\t<div class=\"news-short-content\">\r\n\t\t\t\t\t\t\t\t\t\t\tBal\u0131kesir\u2019in yenilenebilir enerji \u00fcss\u00fc olma hedefi do\u011frultusunda T.C. \u00c7al\u0131\u015fma ve Sosyal G\u00fcvenlik Bakanl\u0131\u011f\u0131 \u0130nsan Kaynaklar\u0131n\u0131n Geli\u015ftirilmesi Sekt\u00f6rel Operasyonel Program\u0131 kapsam\u0131nda,&#8230;\t\t\t\t\t\t\t\t\t\t<\/div>\r\n\t\t\t\t\t\t\t\t\t\t<a href=\"https:\/\/baunwindsafe.balikesir.edu.tr\/index.php\/news\/baun-ve-iskur-balikesirin-ruzgar-gucune-guc-katiyor\/\" class=\"news-more-link\">Read More<\/a>\r\n\t\t\t\t\t\t\t\t\t\t\t\t\t\t\t\t\t<\/div><!-- .entry-content -->\r\n\t\t\t\t\t\t\t\t\t\t\t\t\t<\/div>\r\n\t\t\t\t\t<\/div>\r\n\t\t\t\t<\/div><!-- #post-## -->\r\n\t\t\t<\/div><!-- #post-## -->\r\n\t\t\r\n\t\t\t<div id=\"post-382\" class=\"news type-news wpnaw-blog-class has-date news-col-1\">\r\n\t\t\t\t<div class=\"news-inner-wrap-view news-clearfix wpnaw-news-no-image\">\r\n\r\n\t\t\t\t\t\r\n\t\t\t\t\t<div class=\"news-content\">\r\n\t\t\t\t\t\t\t\t\t\t\t\t\t<div class=\"date-post\">\r\n\t\t\t\t\t\t\t\t<h2><span>29<\/span><\/h2>\r\n\t\t\t\t\t\t\t\t<p>\u015eub 24<\/p>\r\n\t\t\t\t\t\t\t<\/div>\r\n\t\t\t\t\t\t\r\n\t\t\t\t\t\t<div class=\"post-content-text\">\r\n\t\t\t\t\t\t\t<h3 class=\"news-title\"><a href=\"https:\/\/baunwindsafe.balikesir.edu.tr\/index.php\/news\/mira-firmasina-teknik-gezi\/\" rel=\"bookmark\">Mira Firmas\u0131na Teknik Gezi<\/a><\/h3>\t\t\t\t\t\t\t\t<div class=\"news-cat\"><\/div>\r\n\t\t\t\t\t\t\t\t\t\t\t\t\t\t\t<div class=\"news-content-excerpt\">\r\n\t\t\t\t\t\t\t\t\t\t\t\t\t\t\t\t\t\t\t<div class=\"news-short-content\">\r\n\t\t\t\t\t\t\t\t\t\t\tBAUNSEM b\u00fcnyesinde kurulmu\u015f olan ve uluslararas\u0131 bir akreditasyona sahip BAUNWINDSAFE birimi, e\u011fitim \u00e7al\u0131\u015fmalar\u0131n\u0131 tamamlam\u0131\u015f olup e\u011fitim verme ve belgelendirme a\u015famas\u0131na&#8230;\t\t\t\t\t\t\t\t\t\t<\/div>\r\n\t\t\t\t\t\t\t\t\t\t<a href=\"https:\/\/baunwindsafe.balikesir.edu.tr\/index.php\/news\/mira-firmasina-teknik-gezi\/\" class=\"news-more-link\">Read More<\/a>\r\n\t\t\t\t\t\t\t\t\t\t\t\t\t\t\t\t\t<\/div><!-- .entry-content -->\r\n\t\t\t\t\t\t\t\t\t\t\t\t\t<\/div>\r\n\t\t\t\t\t<\/div>\r\n\t\t\t\t<\/div><!-- #post-## -->\r\n\t\t\t<\/div><!-- #post-## -->\r\n\t\t\r\n\t\t\t<div id=\"post-423\" class=\"news type-news wpnaw-blog-class has-date news-col-1\">\r\n\t\t\t\t<div class=\"news-inner-wrap-view news-clearfix wpnaw-news-no-image\">\r\n\r\n\t\t\t\t\t\r\n\t\t\t\t\t<div class=\"news-content\">\r\n\t\t\t\t\t\t\t\t\t\t\t\t\t<div class=\"date-post\">\r\n\t\t\t\t\t\t\t\t<h2><span>9<\/span><\/h2>\r\n\t\t\t\t\t\t\t\t<p>Oca 24<\/p>\r\n\t\t\t\t\t\t\t<\/div>\r\n\t\t\t\t\t\t\r\n\t\t\t\t\t\t<div class=\"post-content-text\">\r\n\t\t\t\t\t\t\t<h3 class=\"news-title\"><a href=\"https:\/\/baunwindsafe.balikesir.edu.tr\/index.php\/news\/baun-windsafe-is-guvenligi-egitim-saglayicisi-gereksinimlerini-saglayarak-denetimden-basariyla-gecti\/\" rel=\"bookmark\">BAUN WINDSAFE \u0130\u015f G\u00fcvenli\u011fi E\u011fitim Sa\u011flay\u0131c\u0131s\u0131 Gereksinimlerini Sa\u011flayarak Denetimden Ba\u015far\u0131 ile Ge\u00e7mi\u015ftir<\/a><\/h3>\t\t\t\t\t\t\t\t<div class=\"news-cat\"><\/div>\r\n\t\t\t\t\t\t\t\t\t\t\t\t\t\t\t<div class=\"news-content-excerpt\">\r\n\t\t\t\t\t\t\t\t\t\t\t\t\t\t\t\t\t\t\t<div class=\"news-short-content\">\r\n\t\t\t\t\t\t\t\t\t\t\tBal\u0131kesir \u00dcniversitesi S\u00fcrekli E\u011fitim Merkezi alt\u0131ndaki BAUN WINDSAFE, GWO sertifikal\u0131 Y\u00fcksekte \u00c7al\u0131\u015fma, Yang\u0131n Fark\u0131ndal\u0131\u011f\u0131, Elle Ta\u015f\u0131ma ve \u0130lkyard\u0131m Temel \u0130\u015f&#8230;\t\t\t\t\t\t\t\t\t\t<\/div>\r\n\t\t\t\t\t\t\t\t\t\t<a href=\"https:\/\/baunwindsafe.balikesir.edu.tr\/index.php\/news\/baun-windsafe-is-guvenligi-egitim-saglayicisi-gereksinimlerini-saglayarak-denetimden-basariyla-gecti\/\" class=\"news-more-link\">Read More<\/a>\r\n\t\t\t\t\t\t\t\t\t\t\t\t\t\t\t\t\t<\/div><!-- .entry-content -->\r\n\t\t\t\t\t\t\t\t\t\t\t\t\t<\/div>\r\n\t\t\t\t\t<\/div>\r\n\t\t\t\t<\/div><!-- #post-## -->\r\n\t\t\t<\/div><!-- #post-## -->\r\n\t\t\r\n\t\t\t<div id=\"post-242\" class=\"news type-news wpnaw-blog-class has-date news-col-1\">\r\n\t\t\t\t<div class=\"news-inner-wrap-view news-clearfix wpnaw-news-no-image\">\r\n\r\n\t\t\t\t\t\r\n\t\t\t\t\t<div class=\"news-content\">\r\n\t\t\t\t\t\t\t\t\t\t\t\t\t<div class=\"date-post\">\r\n\t\t\t\t\t\t\t\t<h2><span>31<\/span><\/h2>\r\n\t\t\t\t\t\t\t\t<p>May 23<\/p>\r\n\t\t\t\t\t\t\t<\/div>\r\n\t\t\t\t\t\t\r\n\t\t\t\t\t\t<div class=\"post-content-text\">\r\n\t\t\t\t\t\t\t<h3 class=\"news-title\"><a href=\"https:\/\/baunwindsafe.balikesir.edu.tr\/index.php\/news\/baunsem-windsafe-ile-her-zaman-guncel-her-zaman-guvende-kalin\/\" rel=\"bookmark\">BAUN WINDSAFE ile Her Zaman G\u00fcncel, Her Zaman G\u00fcvende Kal\u0131n!<\/a><\/h3>\t\t\t\t\t\t\t\t<div class=\"news-cat\"><\/div>\r\n\t\t\t\t\t\t\t\t\t\t\t\t\t\t\t<div class=\"news-content-excerpt\">\r\n\t\t\t\t\t\t\t\t\t\t\t\t\t\t\t\t\t\t\t<div class=\"news-short-content\">\r\n\t\t\t\t\t\t\t\t\t\t\tBal\u0131kesir \u00dcniversitesi S\u00fcrekli E\u011fitim Merkezi, GWO sertifikal\u0131 Temel \u0130\u015f G\u00fcvenli\u011fi E\u011fitimi (BST) program\u0131na ek olarak \u00c7evrimi\u00e7i K\u0131smi Yenileme e\u011fitimi BSTR-P&#8230;\t\t\t\t\t\t\t\t\t\t<\/div>\r\n\t\t\t\t\t\t\t\t\t\t<a href=\"https:\/\/baunwindsafe.balikesir.edu.tr\/index.php\/news\/baunsem-windsafe-ile-her-zaman-guncel-her-zaman-guvende-kalin\/\" class=\"news-more-link\">Read More<\/a>\r\n\t\t\t\t\t\t\t\t\t\t\t\t\t\t\t\t\t<\/div><!-- .entry-content -->\r\n\t\t\t\t\t\t\t\t\t\t\t\t\t<\/div>\r\n\t\t\t\t\t<\/div>\r\n\t\t\t\t<\/div><!-- #post-## -->\r\n\t\t\t<\/div><!-- #post-## -->\r\n\t\t\r\n\t\t\t<div id=\"post-304\" class=\"news type-news wpnaw-blog-class has-date news-col-1\">\r\n\t\t\t\t<div class=\"news-inner-wrap-view news-clearfix wpnaw-news-no-image\">\r\n\r\n\t\t\t\t\t\r\n\t\t\t\t\t<div class=\"news-content\">\r\n\t\t\t\t\t\t\t\t\t\t\t\t\t<div class=\"date-post\">\r\n\t\t\t\t\t\t\t\t<h2><span>21<\/span><\/h2>\r\n\t\t\t\t\t\t\t\t<p>Mar 23<\/p>\r\n\t\t\t\t\t\t\t<\/div>\r\n\t\t\t\t\t\t\r\n\t\t\t\t\t\t<div class=\"post-content-text\">\r\n\t\t\t\t\t\t\t<h3 class=\"news-title\"><a href=\"https:\/\/baunwindsafe.balikesir.edu.tr\/index.php\/news\/gwo-egitmen-yetistirme-sureci-devam-ediyor\/\" rel=\"bookmark\">GWO E\u011fitmen Yeti\u015ftirme S\u00fcreci Devam Ediyor<\/a><\/h3>\t\t\t\t\t\t\t\t<div class=\"news-cat\"><\/div>\r\n\t\t\t\t\t\t\t\t\t\t\t\t\t\t\t<div class=\"news-content-excerpt\">\r\n\t\t\t\t\t\t\t\t\t\t\t\t\t\t\t\t\t\t\t<div class=\"news-short-content\">\r\n\t\t\t\t\t\t\t\t\t\t\tBal\u0131kesir \u00dcniversitesi, S\u00fcrekli E\u011fitim Uygulama ve Ara\u015ft\u0131rma Merkezi (BAUNSEM) olarak, Global Wind Organization (K\u00fcresel R\u00fczgar T\u00fcrbinleri Organizasyonu) Uluslararas\u0131 Akreditasyon s\u00fcrecini&#8230;\t\t\t\t\t\t\t\t\t\t<\/div>\r\n\t\t\t\t\t\t\t\t\t\t<a href=\"https:\/\/baunwindsafe.balikesir.edu.tr\/index.php\/news\/gwo-egitmen-yetistirme-sureci-devam-ediyor\/\" class=\"news-more-link\">Read More<\/a>\r\n\t\t\t\t\t\t\t\t\t\t\t\t\t\t\t\t\t<\/div><!-- .entry-content -->\r\n\t\t\t\t\t\t\t\t\t\t\t\t\t<\/div>\r\n\t\t\t\t\t<\/div>\r\n\t\t\t\t<\/div><!-- #post-## -->\r\n\t\t\t<\/div><!-- #post-## -->\r\n\t\t\r\n\t\t\t<div id=\"post-267\" class=\"news type-news wpnaw-blog-class has-date news-col-1\">\r\n\t\t\t\t<div class=\"news-inner-wrap-view news-clearfix wpnaw-news-no-image\">\r\n\r\n\t\t\t\t\t\r\n\t\t\t\t\t<div class=\"news-content\">\r\n\t\t\t\t\t\t\t\t\t\t\t\t\t<div class=\"date-post\">\r\n\t\t\t\t\t\t\t\t<h2><span>17<\/span><\/h2>\r\n\t\t\t\t\t\t\t\t<p>Oca 23<\/p>\r\n\t\t\t\t\t\t\t<\/div>\r\n\t\t\t\t\t\t\r\n\t\t\t\t\t\t<div class=\"post-content-text\">\r\n\t\t\t\t\t\t\t<h3 class=\"news-title\"><a href=\"https:\/\/baunwindsafe.balikesir.edu.tr\/index.php\/news\/turkiyede-universiteler-arasinda-ilk-olarak-uluslararasi-gwoya-akredite-olduk\/\" rel=\"bookmark\">T\u00fcrkiye\u2019de \u00dcniversiteler Aras\u0131nda \u0130lk Olarak Uluslararas\u0131 GWO\u2019ya Akredite Olduk<\/a><\/h3>\t\t\t\t\t\t\t\t<div class=\"news-cat\"><\/div>\r\n\t\t\t\t\t\t\t\t\t\t\t\t\t\t\t<div class=\"news-content-excerpt\">\r\n\t\t\t\t\t\t\t\t\t\t\t\t\t\t\t\t\t\t\t<div class=\"news-short-content\">\r\n\t\t\t\t\t\t\t\t\t\t\tBal\u0131kesir \u00dcniversitesi, S\u00fcrekli E\u011fitim Uygulama ve Ara\u015ft\u0131rma Merkezi (BAUNSEM), 17 Ocak 2023 tarihi itibariyle, GWO onayl\u0131&nbsp;Temel G\u00fcvenlik E\u011fitimi (Basic Safety&#8230;\t\t\t\t\t\t\t\t\t\t<\/div>\r\n\t\t\t\t\t\t\t\t\t\t<a href=\"https:\/\/baunwindsafe.balikesir.edu.tr\/index.php\/news\/turkiyede-universiteler-arasinda-ilk-olarak-uluslararasi-gwoya-akredite-olduk\/\" class=\"news-more-link\">Read More<\/a>\r\n\t\t\t\t\t\t\t\t\t\t\t\t\t\t\t\t\t<\/div><!-- .entry-content -->\r\n\t\t\t\t\t\t\t\t\t\t\t\t\t<\/div>\r\n\t\t\t\t\t<\/div>\r\n\t\t\t\t<\/div><!-- #post-## -->\r\n\t\t\t<\/div><!-- #post-## -->\r\n\t\t\r\n\t\t\t<div id=\"post-397\" class=\"news type-news wpnaw-blog-class has-date news-col-1 wpnaw-last\">\r\n\t\t\t\t<div class=\"news-inner-wrap-view news-clearfix wpnaw-news-no-image\">\r\n\r\n\t\t\t\t\t\r\n\t\t\t\t\t<div class=\"news-content\">\r\n\t\t\t\t\t\t\t\t\t\t\t\t\t<div class=\"date-post\">\r\n\t\t\t\t\t\t\t\t<h2><span>3<\/span><\/h2>\r\n\t\t\t\t\t\t\t\t<p>Oca 23<\/p>\r\n\t\t\t\t\t\t\t<\/div>\r\n\t\t\t\t\t\t\r\n\t\t\t\t\t\t<div class=\"post-content-text\">\r\n\t\t\t\t\t\t\t<h3 class=\"news-title\"><a href=\"https:\/\/baunwindsafe.balikesir.edu.tr\/index.php\/news\/enerjisa-saha-ziyareti\/\" rel=\"bookmark\">EnerjiSA Saha Ziyareti<\/a><\/h3>\t\t\t\t\t\t\t\t<div class=\"news-cat\"><\/div>\r\n\t\t\t\t\t\t\t\t\t\t\t\t\t\t\t<div class=\"news-content-excerpt\">\r\n\t\t\t\t\t\t\t\t\t\t\t\t\t\t\t\t\t\t\t<div class=\"news-short-content\">\r\n\t\t\t\t\t\t\t\t\t\t\tGWO e\u011fitmenlerimiz r\u00fczg\u00e2r t\u00fcrbini \u00e7al\u0131\u015fma ortam\u0131na a\u015fina olma, \u00f6\u011fretilen GWO mod\u00fclleri ile ilgili beceriler kazanmak, g\u00fcncellemeleri sa\u011flamak ve BST e\u011fitimlerinde&#8230;\t\t\t\t\t\t\t\t\t\t<\/div>\r\n\t\t\t\t\t\t\t\t\t\t<a href=\"https:\/\/baunwindsafe.balikesir.edu.tr\/index.php\/news\/enerjisa-saha-ziyareti\/\" class=\"news-more-link\">Read More<\/a>\r\n\t\t\t\t\t\t\t\t\t\t\t\t\t\t\t\t\t<\/div><!-- .entry-content -->\r\n\t\t\t\t\t\t\t\t\t\t\t\t\t<\/div>\r\n\t\t\t\t\t<\/div>\r\n\t\t\t\t<\/div><!-- #post-## -->\r\n\t\t\t<\/div><!-- #post-## -->\r\n\t\t\t<\/div>\r\n\r\n\t","protected":false},"excerpt":{"rendered":"","protected":false},"author":1,"featured_media":0,"parent":0,"menu_order":0,"comment_status":"closed","ping_status":"closed","template":"","meta":{"footnotes":""},"_links":{"self":[{"href":"https:\/\/baunwindsafe.balikesir.edu.tr\/index.php\/wp-json\/wp\/v2\/pages\/259"}],"collection":[{"href":"https:\/\/baunwindsafe.balikesir.edu.tr\/index.php\/wp-json\/wp\/v2\/pages"}],"about":[{"href":"https:\/\/baunwindsafe.balikesir.edu.tr\/index.php\/wp-json\/wp\/v2\/types\/page"}],"author":[{"embeddable":true,"href":"https:\/\/baunwindsafe.balikesir.edu.tr\/index.php\/wp-json\/wp\/v2\/users\/1"}],"replies":[{"embeddable":true,"href":"https:\/\/baunwindsafe.balikesir.edu.tr\/index.php\/wp-json\/wp\/v2\/comments?post=259"}],"version-history":[{"count":1,"href":"https:\/\/baunwindsafe.balikesir.edu.tr\/index.php\/wp-json\/wp\/v2\/pages\/259\/revisions"}],"predecessor-version":[{"id":260,"href":"https:\/\/baunwindsafe.balikesir.edu.tr\/index.php\/wp-json\/wp\/v2\/pages\/259\/revisions\/260"}],"wp:attachment":[{"href":"https:\/\/baunwindsafe.balikesir.edu.tr\/index.php\/wp-json\/wp\/v2\/media?parent=259"}],"curies":[{"name":"wp","href":"https:\/\/api.w.org\/{rel}","templated":true}]}}