{"id":123,"date":"2024-02-27T00:58:11","date_gmt":"2024-02-26T21:58:11","guid":{"rendered":"https:\/\/baunwindsafe.balikesir.edu.tr\/?page_id=123"},"modified":"2024-03-05T00:59:51","modified_gmt":"2024-03-04T21:59:51","slug":"belgeler","status":"publish","type":"page","link":"https:\/\/baunwindsafe.balikesir.edu.tr\/index.php\/belgeler\/","title":{"rendered":"Belgeler"},"content":{"rendered":"\n<p><strong>TAL\u0130MATLAR<\/strong><\/p>\n\n\n\n<p><a href=\"https:\/\/baunwindsafe.balikesir.edu.tr\/wp-content\/uploads\/2024\/03\/Winda-Kayit-Islemleri.pdf\" data-type=\"attachment\" data-id=\"149\">Winda Kay\u0131t \u0130\u015flemleri<\/a><\/p>\n\n\n\n<p><strong>FORMLAR<\/strong><\/p>\n\n\n\n<p><a href=\"https:\/\/baunwindsafe.balikesir.edu.tr\/wp-content\/uploads\/2024\/02\/AYS.F.16-BAUN_GWO_Saglik-Beyan-Formu.pdf\">Sa\u011fl\u0131k Beyan Formu<\/a><\/p>\n\n\n\n<p><a href=\"https:\/\/baunwindsafe.balikesir.edu.tr\/wp-content\/uploads\/2024\/03\/AYS.F.08-Sikayet-Itiraz-Oneri-Formu.pdf\" data-type=\"attachment\" data-id=\"145\">\u015eikayet \u0130tiraz \u00d6neri Formu<\/a><\/p>\n\n\n\n<p><strong>ANKET<\/strong><\/p>\n\n\n\n<p><a href=\"https:\/\/baunwindsafe.balikesir.edu.tr\/wp-content\/uploads\/2024\/03\/AYS.F.17-BAUN_GWO_Egitim-Degerlendirme-Anketi.pdf\" data-type=\"attachment\" data-id=\"147\">E\u011fitim De\u011ferlendirme Anketi<\/a><\/p>\n","protected":false},"excerpt":{"rendered":"<p>TAL\u0130MATLAR Winda Kay\u0131t \u0130\u015flemleri FORMLAR Sa\u011fl\u0131k Beyan Formu \u015eikayet \u0130tiraz \u00d6neri Formu ANKET E\u011fitim De\u011ferlendirme Anketi<\/p>\n","protected":false},"author":1,"featured_media":0,"parent":0,"menu_order":0,"comment_status":"closed","ping_status":"closed","template":"","meta":{"footnotes":""},"_links":{"self":[{"href":"https:\/\/baunwindsafe.balikesir.edu.tr\/index.php\/wp-json\/wp\/v2\/pages\/123"}],"collection":[{"href":"https:\/\/baunwindsafe.balikesir.edu.tr\/index.php\/wp-json\/wp\/v2\/pages"}],"about":[{"href":"https:\/\/baunwindsafe.balikesir.edu.tr\/index.php\/wp-json\/wp\/v2\/types\/page"}],"author":[{"embeddable":true,"href":"https:\/\/baunwindsafe.balikesir.edu.tr\/index.php\/wp-json\/wp\/v2\/users\/1"}],"replies":[{"embeddable":true,"href":"https:\/\/baunwindsafe.balikesir.edu.tr\/index.php\/wp-json\/wp\/v2\/comments?post=123"}],"version-history":[{"count":10,"href":"https:\/\/baunwindsafe.balikesir.edu.tr\/index.php\/wp-json\/wp\/v2\/pages\/123\/revisions"}],"predecessor-version":[{"id":183,"href":"https:\/\/baunwindsafe.balikesir.edu.tr\/index.php\/wp-json\/wp\/v2\/pages\/123\/revisions\/183"}],"wp:attachment":[{"href":"https:\/\/baunwindsafe.balikesir.edu.tr\/index.php\/wp-json\/wp\/v2\/media?parent=123"}],"curies":[{"name":"wp","href":"https:\/\/api.w.org\/{rel}","templated":true}]}}